-440 - -425) + 55 + 2?
42
Calculate 10 - -2 - (0 + -17 + 1 - -6).
22
Calculate (7 - (12 + -30)) + -71 + -13.
-59
What is the value of -7947 + 7940 - (-1 - 62)?
56
Evaluate -187 + 196 + (2 - -2).
13
-278 - -224 - (3 + -4)
-53
What is (-7 - 4) + 17 + 1 + -52 + 5?
-40
-17 - (10 + -64 + 6)
31
Evaluate -518 - -583 - (1 + (2 - 11)).
73
What is the value of (-103 - 13) + 63 - -116?
63
Evaluate 567 + -575 + (0 + -1 - 1) + (2 - 38).
-46
What is the value of -22 + 15 + 16 + 0 + 0?
9
What is 7 + (-7 - -17) + -5 - 19 - (4 - -2)?
-13
What is (28 + (12 - 72) - (-5 + -1 + -1)) + 2?
-23
What is 18 - 4 - (710 + -712) - -28?
44
Evaluate -1170 - -1104 - (-108 - 2).
44
Evaluate (6 - -7) + 1 - (-4 + -20 + 101).
-63
Evaluate 10 + (-85 - -42 - ((-21 - -6) + 3)).
-21
What is (1 - -22) + (10 - (8 + 17) - (-3 + -14))?
25
What is the value of -3 - 6 - (18 - (23 + (-14 - -34)))?
16
Calculate -2 + (-1 + 4 - 11) + (-57 - -67).
0
What is (2 + 0 - (384 - 399)) + -48?
-31
What is (21 - -93) + -88 - -26?
52
11 - 22 - (37 - 79)
31
3 + -1 + 2 + 2 + (15 + -7 - 15)
-1
Evaluate 2 + 15 + -3 + 11 + 0 + (17 - 8).
34
-19 + (31 - 21) + (3 + 0 - -77)
71
Evaluate 71 - (34 - 3 - 2) - -3.
45
What is the value of 30 + (-229 - -53) + 21?
-125
What is 4 - -1 - 0 - (-231 - -245) - (42 + 1)?
-52
What is -643 + 650 + (-60 - -1)?
-52
Calculate 5 + -3 - (-19 + 4) - 43.
-26
Calculate 48 + 13 + -63 - -20.
18
What is (9 - ((4 - 2) + 0)) + (19 - 118 - -21)?
-71
Evaluate -11 + -1 + -1 + 5.
-8
Evaluate -1 + 20 + 5 + -2 + 20.
42
Evaluate 160 + -119 - -61 - -7.
109
What is the value of -55 - (-63 + 9 - -17)?
-18
Calculate -4 + -19 + (-14 - -18) + 112 - 17.
76
(-13 - -3 - (-9 - -4)) + -16 + -15 + -6
-42
What is -1 + -28 + 1163 + -1160?
-26
Evaluate -23 - (16 + 18 + -15 + -52).
10
Calculate -1436 + 1415 - (5 - (-3 - 31)).
-60
What is 34 + ((2 - 8) + -26 + 29 - (21 + -20))?
30
What is 14709 - 14789 - (1 + 16)?
-97
Calculate (-4 - -68) + 4482 + -4511.
35
What is the value of 18 + -54 + (-14 - (-86 - -17))?
19
Evaluate (19 + -3 + -7 - (-13 - (-3 + -10))) + 5.
14
Evaluate (-28 - (-32 - 76)) + -107.
-27
What is 35 - (42 + 22) - (-11 - 2)?
-16
Evaluate 3 + -24 - (67 + (-45 - 14)).
-29
5694 + -5683 + -3 + -44
-36
Evaluate -6 + 44 - (-499 + 506).
31
What is 29 + -31 + -3 + -2 + 15 - (-65 - -5)?
68
Calculate -99 - (0 + (-16 - (-3 - 20)) + (1 - 1)).
-106
Calculate ((-6 - (-4 - 0)) + -41 - (-23 - -30)) + 4.
-46
What is -45 + -66 + 19 + 43?
-49
What is 71 + (50 - 48) + -36?
37
What is the value of (-24 + 7 + -13 - (-16 - 1)) + -82?
-95
2 + -25 + 9 + 4 + (-5 - -35)
20
What is the value of -62 - ((0 - -11) + -27) - -23?
-23
Evaluate (7317 - 7230) + (-7 - 2).
78
What is (41 - (-37 + 65)) + (1 - -9)?
23
Evaluate 13 + (-33 - -41) + -60.
-39
What is the value of 21 + -6 + -77 + (-41 - -76)?
-27
What is the value of -24 - (-22 - (2 + -18))?
-18
What is the value of (1 + 5 + -23 - -9) + -13 + (19 - -92)?
90
(5 - -11) + (-78 - (4 + -26))
-40
Evaluate -4 + 0 + 11 + (3 - 17) - (2 + -36).
27
Calculate 1 - -14 - (-47 - (38 - -7)).
107
-3 + (-7 - (2 + -6)) + (-890 - -883)
-13
Calculate 8 - (-19 - (4 + 7 + -20)).
18
What is the value of (-4 + 0 - 7) + 90 + -71 - 48?
-40
Calculate -167 + (11 - -94) + 152.
90
(-17 - 0) + -85 + 82 + 61
41
What is the value of -119 - (-1 + 8 + 23 + (46 - 83))?
-112
Calculate (0 - 0) + 37 + 7 + -23 + -25.
-4
Evaluate -38 - (-50 - (0 + -14)).
-2
What is the value of (-151 - -200) + -51 - (-2 + 0 + 2 + 63)?
-65
Calculate (-39 - 25 - 4) + 29.
-39
109 - (-18 - (39 + -110))
56
Evaluate 1 + (-3 + -8 - (13 + 0 + -67)).
44
What is (2 + 3 - 11) + 4 + (-37 - -35) + -47?
-51
What is the value of -133 - (16 + (-300 - -120))?
31
Evaluate 42 - (62 - (36 + -55)).
-39
Calculate 67 + 1 + -23 + 336 + -330.
51
What is the value of 6 + (22 - (16 + 16)) + (-47 - 0)?
-51
Calculate 73 + -114 - (41 + -23).
-59
What is (33 - 28) + 33 + -30?
8
What is the value of 71 + 22 + -151 + 59?
1
Evaluate -17 + (18 - (-49 - -38)).
12
What is the value of 1055 + -1029 + (22 - -2) + -1?
49
What is (-84 + 64 - -21) + -37 + -2?
-38
-23 + (68 - -20) - 24
41
What is 5 - -3 - 2 - (-24 + 2 - (-3 + 0))?
25
Calculate -29 + (-4 - -22) + (0 - (-3 + -61)).
53
What is the value of 14 + -18 + (-14 + 7 - -38) + 6?
33
What is -49 + (8 - 4) + -1 - (-1 + -5)?
-40
What is the value of -96 - (-125 - -85) - (3 + 1)?
-60
What is the value of 4 - (-15 - -14) - (9 + -20 + 27)?
-11
What is 3363 + -3228 + -16 + (-1 + 1 + 1 - -1)?
121
What is the value of 50 + (4 - -1) + (4 - 2) + (-8 - -6)?
55
What is the value of 16 - (0 - 30 - (337 + -356))?
27
What is the value of -9 + (45 - 18) - 22 - (3 + 6)?
-13
What is the value of 1 - (5 + (-17 + 11 + 12 + -9 - 7))?
6
Evaluate (-18 - -26) + -17 + 35 + 14.
40
What is the value of -4 + -41 + (11 - (22 - 28))?
-28
What is 3 - 10 - (-17 + 3 + -9 + -54)?
70
Evaluate (-22 - (17 - 25) - -88) + (-11 - 3).
60
-27 + 103 - 32 - (-1 + -2) - (-2 - 0)
49
-14 + 6 + -109 + 109 - (1 + 89)
-98
Evaluate -3 + (26 - (48 - 17)).
-8
(4 + -79 - -68) + 17
10
What is the value of (19 - 5 - (8 + 12)) + -4 - (-9 + -45)?
44
0 + (-60 - -27) + -49 + -45
-127
4 - (-6 - 129 - -1 - (-17 - 3))
118
What is -10 + (-3 - -52) + 1 + -9 + 1?
32
Calculate 18 + 11 + 4 - 30.
3
What is the value of 0 - 6 - ((-9 - (4 - 27)) + -4)?
-16
What is (2 - (4 + -4) - 10 - 1) + (88 - 56)?
23
What is (-149 - -54) + 160 - 115?
-50
Evaluate (-11 - (-16 - (20 - 9 - 24))) + 1 + 54.
47
Calculate -10 + (-28 - -26) - (3 - -2).
-17
Calculate -3513 + 3515 - (39 + (0 - -3 - 0)).
-40
Calculate -11 - (-62 + 39 + -24).
36
What is the value of -55 - ((6 - 22) + 28 + -17 + -6 + 7)?
-51
Calculate (-93 - -32) + 22 + 54.
15
What is the value of (-57 - 14 - -11) + 17?
-43
Calculate -1503 + 1511 - (14 - -1) - (-58 - 3).
54
What is (26 + -46 - -52) + -13 - -42?
61
Evaluate (-10 - -1 - (90 + -48 - -73)) + (-7 - -19).
-112
Calculate (-33 - 16) + (-22 - -26).
-45
2 + -2 + -7 + (139 - 17 - 120)
-5
(-31 + 27 - -46) + -40
2
What is -5 + (18 + -21 + -15 + 118 - -4)?
99
What is -545 + 636 + 0 + 0 + -5 - (-2 - -6)?
82
What is 23 + (-24 - (-52 + 17))?
34
20 - (-116 + 111 + (5 - -1))
19
1 - -5 - (2 + 6) - (-23 - -27) - 9
-15
Calculate (-17 - -19) + 20 + -78 + 0 + -3 + 11.
-48
What is the value of 158 - 179 - (8 - 17 - -7)?
-19
Calculate -10 - -1 - (10 + -1 - -1 - (-47 + 195)).
129
-18013 + 17863 + -1 + 91
-60
Evaluate 9 - (4 - ((-7 - 0) + -2)).
-4
What is -4 + (19 + 17 - -6) + (-10 - (-1 + -2))?
31
-16 + -12 + 48 + -51 + 80
49
Evaluate -1 - -9 - (133 - 3 - 128).
6
Calculate -64 + -20 + 51 + -7 - -9.
-31
What is 27 + -106 + -113 + 128?
-64
Calculate 8 + -6 - 1 - (-3321 + 3347).
-25
-20 - (47 + (-106 - 2))
41
What is (7 - -6) + 14 + -9 + (-3 - -2)?
17
Calculate -4 - -10 - 13 - (66 + -79 + 4 + 19).
-17
What is the value of 6 + -22 + -51 - (-76 + 63)?
-54
What is the value of 21 + (16 - 31) + 8 + (53 - 6)?
61
(-9 - -54) + -10 + 8 + (8 - 19) + 8
40
Evaluate (83 - (-3 + 39)) + (-2 - 12).
33
86 + (52 - 71) + -35
32
What is -7 + 1 + (-5 + 11 - 20)?
-20
What is -35 + 0 + -30 + 35 + (0 - 1)?
-31
What is 3 + -9 + 10 + -14 + -28 + 54?
16
What is 54 - -16 - 84 - -65?
51
Evaluate -1 + -2 + -85 + 10 + -11 + -3 + 6.
-86
What is the value of (-1 + (-20 - 3) - -13) + 17 - 8?
-2
Evaluate -3 + (-4 - 13) + (19 - (26 - -11)).
-38
What is the value of 16 + -1 + 12 + 38 + -62?
3
Evaluate 9 + 8 + -12 + 3 + 5 + 3 + -133.
-117
Evaluate -10 + (45 - 7 - 18) + -18 + 20.
12
-27 + (8 - (-1 - (-13 + -10) - 8))
-33
What is the value of -2 + -34 + 3 + 15 + (31 - 33) + -5?
-25
What is the value of -6 + 0 + ((15 - 18) + -40 - (0 + -9))?
-40
0 - (-17 - (-3 - 0 - 10) - -12)
-8
-289 - -291 - (1 + -44)
45
-64 - (22 - 110 - -13)
11
Calculate -12 + (3 - ((5 - -1) + -7 + 9)).
-17
16 - (-16 + -1638 + 1536 + (-2 - 2) + -1)
139
Evaluate 1 + 3 + (62 - 20) + -76 + 46.
16
What is -2 - 3 - (-36 + (79 - 31))?
-17
What is -13 + 3 + 2 + (37 - (143 + -71))?
-43
Calculate -21 + -2 + (-96 - (-120 - 31)).
32
Evaluate (-14 - 14 - 2) + 34.
4
(-23 - (-42 + 29)) + 13 - (2 + 0 - 4)
5
What is the value of (52 - -1) + -75 + 74 - -12?
64
Calculate -12 - (-3 + 48) - -44.
-13
Evaluate 2 + 6 + 0 + 4 + -17 + -3 + 131.
123
(-37 + 51 - 83) + 4 + 1
-64
Evaluate (284 - 209) + (28 - 107).
-4
What is 47 - 52 - (-93 - ((6 - 6) + 5))?
93
What is 74 + (-17 - -13) - (17 - -2) - 11?
40
(1